late the remainder when (-11286)/(-31) - 62/961 is divided by 46.
42
What is the remainder when 25 is divided by (1/(-4))/(4*(-7)/1680)?
10
Let b(v) = -25*v - 80. Calculate the remainder when b(-7) is divided by 25.
20
Let f(o) = -o**3 + 8*o**2 - o - 3. What is the remainder when f(7) is divided by 8?
7
Let d be (-4)/(-12)*21 + 1 + 0. What is the remainder when (-154)/21*(-6)/d*6 is divided by 20?
13
Suppose 24*o - 22*o - 24 = 0. Calculate the remainder when 51 is divided by o.
3
Suppose 0 = -3*y - 5*l + 52, -4*l = y - 5*y + 16. Suppose 2*z = 4*u - 9*u + 7, -5*z - 20 = 0. What is the remainder when y is divided by u?
0
Suppose 35*j - 48*j = -806. What is the remainder when j is divided by 21?
20
Let n be ((-25)/4)/5*-8. Suppose -p + 5*z + 4 + 9 = 0, -5*z + 5 = 0. Let u = p - n. Calculate the remainder when u is divided by 3.
2
Suppose 0 = 22*i + 277 - 717. Let y = 2 + 35. What is the remainder when y is divided by i?
17
Let o(m) = -9*m + 29. Calculate the remainder when o(-16) is divided by 97.
76
Let s(t) = -t**3 - 9*t**2 + 29*t + 321. What is the remainder when s(-10) is divided by 33*-3*1/(-3)?
32
Let a(b) = b**3 + 8*b**2 + 2*b - 2. Let g be a(-8). Let n = g + 8. What is the remainder when 4/20 - 268/n is divided by 7?
6
Let g = -15 + 15. Suppose g = -4*r - 3*l + 56, -3*r - 14 = -4*r - 5*l. Calculate the remainder when 67 is divided by r.
11
Let w(v) = 10*v - 75. Suppose 5*g = -4*k + 97, 5*k - k = g + 115. Calculate the remainder when w(27) is divided by k.
27
Suppose -287 = -4*n - 3*d, 3*n - 208 = -0*n + 5*d. Suppose -103 = -2*h - 27. Calculate the remainder when n is divided by h.
33
Suppose 0 = 5*r + 2*w - 519, -4*r + w + 4*w + 402 = 0. Suppose -r + 33 = -4*d - 5*n, 0 = -2*d - 2*n + 34. Calculate the remainder when 28 is divided by d.
13
Suppose -2*c - a = a - 82, 2*a - 193 = -5*c. Suppose -5*b + 6*b = 2*j + 5, -4*j - c = -5*b. What is the remainder when 43 is divided by b?
7
Suppose 0*n - 4*n = -20. Suppose 40*a - 11345 = -2945. Suppose -n*k = k - a. Calculate the remainder when k is divided by 13.
9
Suppose -4*x + 38 = -90. What is the remainder when 101 is divided by x?
5
Let t(i) = -3*i + 22. What is the remainder when 116 is divided by t(5)?
4
Let l be ((-2)/7)/((-1)/14). Suppose -l*v - 4*q + 51 + 65 = 0, 20 = 5*q. Calculate the remainder when v is divided by 40/3 - 2/(-3).
11
Suppose 19*f - 1818 = f. What is the remainder when f is divided by 34?
33
Let r = 558 - 389. Calculate the remainder when r is divided by 22.
15
Let l = -2885 - -2887. Let k(a) = a**2 - 4*a - 4. What is the remainder when k(6) is divided by l?
0
Suppose 0 = -w - 4*k + 5, -4*k + k = -w + 5. Calculate the remainder when 149 is divided by w.
4
Let q(j) be the second derivative of j**4/6 + 4*j**3/3 + 27*j**2/2 + 19*j. Calculate the remainder when q(-6) is divided by 18.
15
Let h = 96 + -93. Suppose -3*x - h = 3*q, 8 + 5 = -3*q - 5*x. What is the remainder when 4 is divided by q?
0
What is the remainder when 93 is divided by ((-444)/(-9))/4 + (-11)/33?
9
Suppose -14 = 5*f - 12*f. Suppose 0 = -f*j + 46 + 2. Calculate the remainder when j is divided by 5.
4
Calculate the remainder when -1*((-4)/16 - (-143)/(-4)) is divided by 11.
3
Let c = 219 + -165. Calculate the remainder when 214 is divided by c.
52
Calculate the remainder when 155 is divided by -99 - -97 - 1/(1/(-22)).
15
Let t(r) = 3*r**2 - 18*r - 26. Let b be t(9). Suppose 4*g + g = b. Calculate the remainder when 43 is divided by g.
10
Let v be (1376/14 - (-22)/(-77)) + -3. Suppose -3*z + 157 = 5*c, -v = -3*c - 3*z + z. What is the remainder when c is divided by 10?
9
Let n(s) = -205*s**2 - s + 1. Let k be n(1). Let f be (-2)/(2/k) - 2. Suppose 4*a - f = -47. Calculate the remainder when a is divided by 21.
18
Suppose 33 = 5*p - 72. Let r = 1699 + -1595. What is the remainder when r is divided by p?
20
Let d = 16 + -12. Let i = 15 + 11. Suppose 3*s - 35 = -4*u, -i = -4*u - s + 15. Calculate the remainder when u is divided by d.
3
Suppose -2*o + 88 = 2*o. Calculate the remainder when ((-234)/(-24))/(513/(-180) + 3) is divided by o.
21
Suppose -35 = 2*l - 7*l. Let s(j) = j**3 + 43*j**2 - 46*j - 76. What is the remainder when s(-44) is divided by l?
5
Suppose -3*z - 86 = -4*u, 3*z + 8 = -z. Suppose 0 = -y - 6 + u. What is the remainder when y is divided by 4?
2
Let j(u) = -2*u**3 - 16 - 235*u + 3*u**3 - 10*u**2 + 247*u. What is the remainder when 53 is divided by j(9)?
9
Let n(h) = 170*h**2 + h. Let j be n(1). Let m = -58 + j. Calculate the remainder when m is divided by 29.
26
Let w(i) = i**3 - 9*i**2 - 7*i + 7. Let s be w(10). Suppose -6*t - s = -283. Calculate the remainder when t is divided by (-8)/(-10)*110/4.
19
Let r(f) = 13*f**2 - 1. Let j(t) = t**2 - 14*t - 12. Let n be j(23). Calculate the remainder when r(-2) is divided by n/(-10)*(-4)/6.
12
Suppose 0*p - 23 = -d - 3*p, 26 = 2*d + 2*p. What is the remainder when 26 is divided by d?
2
Let l(y) = 3*y**3 + 78*y**2 - 7*y - 57. Calculate the remainder when l(-26) is divided by 43.
39
Let t(s) = 10*s**2 - 9*s**2 - 1 - s - 1. Let y be t(-3). Suppose -3*z + 4*z + 2*u = 10, z - 5*u = y. What is the remainder when 17 is divided by z?
7
Suppose 4*c = d + d - 36, -3*c - 42 = -3*d. Suppose -5*m + 2*i + d = 0, 3*m + 3*i = 5*m + 7. Let h = 0 - -6. Calculate the remainder when h is divided by m.
2
Let m = 12 + -6. Let p(w) = w**3 + w**2 - 4*w - 1. Suppose -2*g + 8 = 2. Calculate the remainder when p(g) is divided by m.
5
Suppose 2*c - 3*c = -45. Let l(n) = 26*n + 428. What is the remainder when c is divided by l(-16)?
9
Suppose -j = -0 - 2, -21 = -5*n - 3*j. Suppose -17 = 3*b - 5*b - n*g, g + 37 = 2*b. Calculate the remainder when b is divided by 9.
7
Suppose 126 = 4*a - 5*m, 26 = a + 5*m + 7. What is the remainder when 86 is divided by a?
28
Suppose 5*k - 5*x = 2*k + 65, -5 = 5*x. Let m(w) = -19*w - 137 + 139 - 3*w**2 + 3*w. Calculate the remainder when k is divided by m(-5).
6
Let u(k) = -44*k - 70. Let v(s) = -3*s - 22. Calculate the remainder when u(-3) is divided by v(-10).
6
Let s = -456 - -505. Calculate the remainder when 297 is divided by s.
3
Let h(p) = 2*p**2 - 4*p. Let n be h(4). Let c = -5 + n. What is the remainder when 31 is divided by c?
9
Let b = 73 + 55. Calculate the remainder when b is divided by 11.
7
What is the remainder when (-8*5)/(((-270)/(-40))/(-27)) is divided by 29?
15
Suppose 2 = w - 5*p - 78, w + 5*p = 110. Let l be (-67051)/w - 2/10. What is the remainder when (-4)/(-10) - l/10 is divided by 12?
11
What is the remainder when 79 is divided by ((-4)/10 - -6)*15/6?
9
Let b be (3 - (-4)/8*-2) + 2. Let p = 98 - b. What is the remainder when p is divided by 32?
30
Let n = 481 - 257. Calculate the remainder when n is divided by 15.
14
Suppose 4*k + 4*r - 20 = 0, -2*k - r = 2*r - 12. Let i = 60 - 28. Suppose 12 = 2*n - 2*d, -3*n = 2*d - i + 4. What is the remainder when n is divided by k?
2
What is the remainder when 88 is divided by (-32)/(-96)*((-3)/3 + 136)?
43
Let a = -82 + 98. Suppose -5*t + 45 = -105. Calculate the remainder when t is divided by a.
14
Let h(u) = u**2 + 2*u + 7. Let q be h(-8). Let f = q - 13. What is the remainder when f is divided by 22?
20
Suppose 3*d + 3*s - s + 2 = 0, 3*s + 3 = 0. Suppose -6*u + 90 = -d*u. What is the remainder when 74 is divided by u?
14
Let x be (-5350)/(-15) + 3/9. Suppose -x = -2*s + r, 0 = 5*s - r + 5*r - 925. Calculate the remainder when s is divided by 14.
13
Suppose 166 = -9*n - 5. Let f(w) = -4*w - 46. What is the remainder when f(n) is divided by (-2)/(-1) + (-9)/(-1)?
8
Let m = -57 + 63. Calculate the remainder when 46 is divided by m.
4
Let v(z) = 95*z**3 + 5*z**2 + 3*z - 14. Calculate the remainder when v(2) is divided by 255.
7
Let x = -12 - -14. Suppose 3*c = -x*c. Suppose c = -o + 23 + 20. What is the remainder when o is divided by 15?
13
Let g(s) = -s**3 + 10*s**2 - 13*s. Let w be g(9). Let c = 121 + w. What is the remainder when c + (-16)/(-4 - 0) is divided by 18?
17
Suppose r - 2*g - 23 - 97 = 0, -375 = -3*r + 3*g. What is the remainder when r is divided by 11?
9
Let f = 1 - -2. Let z be (4 - f)*0 - -53. Let y = 9 + z. What is the remainder when y is divided by 32?
30
Let p(j) = j**3 + j**2 + 2*j + 49. What is the remainder when p(0) is divided by 17?
15
Suppose -531 = -32*